ghest common divisor of 14 and h.
14
Let n = 114 - 18. Let g = -61 + n. Calculate the greatest common factor of g and 105.
35
Let a(s) = s + 4. Let o be a(0). Suppose 4*v - 205 = -0*m - 5*m, 196 = 4*v - o*m. What is the highest common factor of 10 and v?
10
Let p = 4 + 2. Calculate the greatest common divisor of p and 6.
6
Suppose -5*h + 329 = 129. Suppose 0 = 4*x - 3*x - 5. Suppose -4*p + 4*y + 0*y = -36, 30 = x*p - 2*y. What is the greatest common factor of p and h?
4
Suppose 3*j - 3*z = -2*z + 21, 5*z + 15 = 0. Let d = j + 56. Suppose 3*i - 2*o - d = 3*o, i = -4*o + 32. Calculate the greatest common factor of 3 and i.
3
Let f(s) = 3*s - 3. Let w be f(1). Let y = 13 - w. Calculate the highest common divisor of y and 104.
13
Let f(t) = 2*t + 144. Let u be f(0). What is the highest common divisor of 24 and u?
24
Suppose 0 = 3*t - 3*m - 63, t + m - 19 = -0*m. Calculate the greatest common factor of 30 and t.
10
Let b = -4 + 6. Suppose -b*c + 84 = 5*r - 5, 4*r + 5*c = 61. Calculate the highest common divisor of r and 171.
19
Let b = 55 - 50. Calculate the highest common divisor of b and 25.
5
Let p be ((-16)/(-20))/2*45. What is the greatest common divisor of 27 and p?
9
Suppose 5*x - 25 = -0*x. Let d(p) be the second derivative of -p**5/20 + 7*p**4/12 + p**2 + p. Let g be d(7). Calculate the highest common divisor of x and g.
1
Suppose 2*m = 5*n + 54 - 8, 42 = 2*m - 4*n. Let c(b) = b + 84. Let t be c(20). What is the greatest common divisor of m and t?
13
Suppose -f + 22 = 3*f + 5*i, 5*f - 23 = -4*i. Suppose f*j - 2*m - 21 - 5 = 0, -2*j + 19 = -m. Calculate the greatest common factor of j and 6.
6
Suppose 2*u - 16 = -8. Calculate the greatest common factor of u and 116.
4
Suppose -10*l + 15 = -9*l. Calculate the highest common divisor of l and 15.
15
Let v = 26 - -29. Let k = 95 - v. What is the highest common factor of 8 and k?
8
Let p(t) = t**2 + 4*t + 3. Let w be p(-2). Let a be (6/(-4))/w*2. Calculate the highest common divisor of 33 and a.
3
Let h(z) = 136*z. Let u be h(-1). Let i be 0 - 2 - u - -1. Calculate the greatest common divisor of i and 15.
15
Let w be 2/6 + 41/3. Suppose j + 4*j - 2520 = 0. Suppose u = -3*u + j. Calculate the highest common divisor of w and u.
14
Let t(g) = 30*g. Suppose 5*f - 7 = 3. Let n be t(f). Calculate the greatest common divisor of n and 10.
10
Let t = 873 - 545. Let f be (-6)/(-33) - t/(-11). Suppose -63 = -4*m - 4*b - 11, -2 = m - 4*b. Calculate the highest common factor of f and m.
10
Let u be 8/32 + (-15)/(-4). Suppose -4*b + 7*r - 2 = 2*r, -u*r = -4*b. Calculate the greatest common divisor of b and 22.
2
Let k = -79 + 124. Calculate the highest common factor of 30 and k.
15
Let c be ((-65)/10)/(-1)*14. What is the greatest common divisor of c and 13?
13
Suppose 53 = 4*v - 5*i, 2*i = 5*v + 6*i - 56. Let m be -22*-9*4/4. Let g = 330 - m. Calculate the highest common divisor of v and g.
12
Suppose 35 - 11 = 2*r. Let n(z) = 27*z**2 + 2*z - 4. Let x be n(2). Calculate the highest common factor of r and x.
12
Let o be (72/(-21))/((-1)/7). Let a be 2/3 + (-14)/(-6). Suppose t - a = 3*j - o, -14 = -2*j - 4*t. Calculate the highest common factor of j and 77.
7
Suppose -84 = -2*g - g. Let p = g - 19. Calculate the greatest common factor of p and 18.
9
Let f(b) = b. Let j(s) = 4. Let g(h) = 2*f(h) - j(h). Let m be g(10). What is the greatest common factor of m and 16?
16
Suppose 11*d + 100 = 9*d. Suppose -2*w = 2*v + 12, 3*v - v - 3 = w. Let t be v - -1 - (d - 5). What is the greatest common factor of 5 and t?
5
Let i(p) = p + 47. Let m be i(-17). Calculate the highest common factor of m and 20.
10
Suppose -5*f = -6 + 36. Let n be (-98)/f - 3/9. Let x = 5 - 3. What is the highest common factor of x and n?
2
Let w(c) be the second derivative of -3*c + 1/6*c**3 + 1/3*c**4 - 1/20*c**5 + 3/2*c**2 + 0. Let v be w(4). Calculate the greatest common divisor of 56 and v.
7
Let p be 5*1*16/10. Let g be (1 - 81/(-2))*-2. Let n = g + 155. Calculate the highest common factor of n and p.
8
Suppose 5*l = -2 - 8. Let z(i) = -23 + 21 + 4*i**2 + 0*i**2 - 3*i. Let v be z(l). What is the highest common divisor of v and 80?
20
Suppose 4*l = -c + 57, -4*l + 91 = -2*c + 25. Calculate the highest common divisor of l and 105.
15
Let g(u) = -3*u**3 - 6*u**2 - 13*u + 12. Let z be g(-6). Suppose -x + 7*x = z. Calculate the greatest common divisor of 58 and x.
29
Suppose -2*i - 3*i - 20 = 0, 4*d + 5*i = -12. Suppose 0*y + 60 = d*y. Calculate the highest common factor of 6 and y.
6
Let u = 40 - 1. What is the highest common factor of u and 13?
13
Suppose -2*o + 95 - 25 = 5*v, 15 = 3*o. Let c be 200/v*48/10. What is the greatest common factor of 16 and c?
16
Suppose -6 = b - 2*b - 2*k, -2*b + 5*k + 21 = 0. Suppose -3*s + 3 + 0 = 0. What is the greatest common factor of s and b?
1
Let a(z) = 4*z + 2. Let r be a(5). Let q(u) = -3*u + 3. Let y be q(-3). Let w be (-2)/8 + 663/y. What is the greatest common factor of w and r?
11
Let d(q) = 21*q - 2. Let n be d(1). What is the greatest common divisor of n and 152?
19
Suppose 0 = 5*k + 2*p - 298, 2*k - 203 = p - 82. Calculate the highest common factor of k and 24.
12
Let q be 0 + (0 - 0) + 57. Let f = q + 20. Let w = 15 + -8. Calculate the greatest common divisor of w and f.
7
Let k(j) = -4*j + 3. Let n be k(-6). Let y = n + -7. What is the highest common factor of y and 4?
4
Suppose 0 = -3*c - 15, -4*c + 25 = -k + 65. Let w = -9 + k. Calculate the highest common divisor of 11 and w.
11
Let f = 40 - 24. What is the highest common factor of 64 and f?
16
Let i(q) = 7*q - 7. Let y be i(6). Let s be -1*3/((-12)/20). Calculate the highest common factor of y and s.
5
Suppose -2*n = n + 279. Let a = -40 - n. Suppose -2*b = -1 - a. Calculate the highest common factor of b and 3.
3
Let j be (15 - -141)/((-9)/(-2) - 3). Let q = -32 + 58. Calculate the greatest common factor of q and j.
26
Let g(o) = o**3 - 5*o**2 + 6*o - 3. Let z be g(5). Suppose 2*m = 5 + 1. Suppose l - 15 = m. Calculate the highest common factor of l and z.
9
Suppose 5*v - t = 141, 4*v + 4*t - 108 = -0*v. What is the highest common divisor of v and 28?
28
Let y(b) = -b - 6. Let k be y(-6). Suppose k*x - 9 = -3*x. Suppose -5*m = -3*m - 5*n - 9, 5*n - x = m. What is the highest common factor of m and 6?
6
Let w(g) be the second derivative of g**4/6 + 3*g**3/2 + 5*g. Let k be w(-6). What is the greatest common factor of k and 9?
9
Suppose -142 = -5*z + 243. Let r = -38 + 70. Suppose 4*k - r = -j, -4*k - 4*j = j - 48. Calculate the highest common factor of k and z.
7
Suppose 24*k - 31*k = -1204. What is the highest common factor of k and 43?
43
Suppose -2*l + 15 = -3. Suppose 4*x - 27 = 3*x. What is the greatest common factor of l and x?
9
Suppose 6*h - 175 = -7. Let i = -1 + 1. Suppose r - h - 8 = i. Calculate the highest common factor of r and 12.
12
Let r(p) = -93*p - 1. Let y be r(-1). Calculate the greatest common divisor of 23 and y.
23
Let o = 1 + 0. Let v = o + 8. What is the highest common factor of 72 and v?
9
Suppose -6 = -3*d, 3*b - 4*d = -2*b + 397. Calculate the greatest common divisor of b and 9.
9
Let w(z) = z**3 - 10*z**2 + 11*z + 11. Let t be w(9). Calculate the highest common factor of t and 145.
29
Let s be (-1572)/(-84) + (-2)/(-7). What is the greatest common divisor of s and 171?
19
Suppose 6*t - 3*t + 76 = -2*c, -t - 2*c = 32. Let a = 37 + t. Calculate the greatest common factor of a and 45.
15
Suppose -3*d = -2*l + 17 - 53, -2*d + 2*l + 26 = 0. What is the highest common factor of 15 and d?
5
Let c(w) = w + 4. Let q be c(-2). What is the greatest common factor of q and 14?
2
Let s = 2 + 5. Calculate the greatest common factor of s and 77.
7
Suppose -o - 3 = -17. What is the highest common divisor of 70 and o?
14
Let c = 13 - 6. Let r = c + -6. Let m be 18 - ((-3)/3 - r). What is the highest common factor of 50 and m?
10
Let t(w) = w**3 + 9*w**2 - 8*w - 6. Let y be t(-9). What is the greatest common factor of y and 22?
22
Suppose -2*q + 48 = 20. Calculate the highest common divisor of 28 and q.
14
Let j = 386 - 24. Let i = j - 219. What is the greatest common factor of i and 13?
13
Suppose -2*n + 93 = -4*o - 3*n, -135 = 5*o + 5*n. Let y = -4 - o. Calculate the highest common divisor of y and 18.
18
Suppose 5*m - 2*x